f r?
0
Let c = -739 - -738. What is the hundreds digit of (9/c)/(-9) + 5*223?
1
Let y(b) = 133*b + 68. Let s(x) = 666*x + 342. Let q(f) = 2*s(f) - 11*y(f). What is the units digit of q(-6)?
2
Let i = -3361 + 8732. What is the thousands digit of i?
5
Let v(n) be the third derivative of n**4/8 + 2*n**3 - 44*n**2. Let j be v(-2). What is the tens digit of (-508)/(-3)*j/(-24)*-6?
5
Let o be (-8)/(-10) + 504/(-105) + -516. Let i = o + 1354. What is the units digit of i?
4
Suppose 0 = 4*b + 2*n - 151076, 22850 = 2*b + 2*n - 52682. What is the hundreds digit of b?
7
Suppose -2*g = -71 + 217. Let v be (222/8)/(3/(-12)). Let l = g - v. What is the units digit of l?
8
Suppose -524*h + 521*h = -c - 201341, 0 = 5*h - 5*c - 335555. What is the hundreds digit of h?
1
Suppose 18243 + 69911 = 22*i. What is the units digit of i?
7
Let p(w) = 226*w**3 + 2*w**2 + 39*w - 133. What is the tens digit of p(6)?
8
Let l = -7232 + 19784. What is the tens digit of l?
5
Let l be 37/13 - 14/(-91). Let z = 5 - l. What is the tens digit of (-564)/(-8) - z/4?
7
Suppose 3*y - 3*h = 87936, 9*y + 117218 = 13*y + h. What is the tens digit of y?
0
Let k = 2251 + -675. Suppose 4*s + 3*m - k = 8*m, -m = -4*s + 1576. What is the tens digit of s?
9
Suppose -5*k = 0, k - 8 = 2*j - 4*j. Suppose t + 814 + 456 = 5*b, 5*b - 1255 = j*t. What is the units digit of b?
5
Let t(y) = -2*y**2 + 5*y - 52. Let g be t(11). Let j = g - -383. What is the units digit of j?
4
Suppose 0 = 2*v - v + 3, -v = 2*k - 3. Let r(z) = -20*z + 3*z - z**2 - z**2 + z**k + 11 + 13*z**2. What is the units digit of r(-12)?
1
Let r = 1 + 1. Suppose -3*l + 151 = -r*l + 2*g, 0 = -g + 3. Let w = -16 + l. What is the units digit of w?
9
Let c = 91 + -95. Let b be 1 + -4*(c + -29). Suppose -4*w = b - 873. What is the units digit of w?
5
Let d(r) = r**2 - 18*r + 77. Suppose 2*q - 47 = v, -6*q - v + 103 = -2*q. What is the hundreds digit of d(q)?
2
Suppose -5*u - 4*q + 9788 = 0, 3*u + 3*q = -2005 + 7879. Suppose -3*k + 6*k - 5*s = 5878, -k = -s - u. What is the units digit of k?
1
Suppose -5*z + 7*z + 70 = 0. Let x = z + 37. Suppose -3*u - r = -292, 3*u - 7*r - 286 = -x*r. What is the units digit of u?
7
Let c(x) = -31*x + 6. Let v = -6 - -12. Suppose 0 = -5*f + 3*f - v. What is the units digit of c(f)?
9
Suppose 3*r + 10 = -2*u, -3 = -r + 2*u - 1. Let b = -4 - r. What is the tens digit of -19*(6/3)/b?
1
Suppose 67*z = 75*z - 24. Suppose 1338 = z*t - 4*d - 565, -2*d - 2554 = -4*t. What is the hundreds digit of t?
6
Let l(n) be the first derivative of 6*n - 13 - 5/2*n**2 + 5/3*n**3. What is the units digit of l(2)?
6
Suppose -20 = -6*i + 5*i. Suppose 2*v = 6*v - i. What is the units digit of (-12)/v*-10*(-1)/(-4)?
6
Suppose -155 = -0*m - 5*m - 3*p, -5*p - 3 = -m. Suppose j = -74 + m. Let d = j - -114. What is the tens digit of d?
6
Suppose -20*c + 8*c + 36 = 0. Suppose v - 1077 = -5*u + 727, 0 = u - c*v - 348. What is the tens digit of u?
6
Suppose 5*q = 5*l - 10*l + 25, 0 = -3*q + 4*l + 43. Let i be -128*((-3)/q)/(1/3). Let h = i + -17. What is the tens digit of h?
1
What is the units digit of 2/(32/(-128)*(-24)/20607)?
9
Let u be (-1*(-210)/25)/((-2)/(-10)). Let v = -39 + u. Suppose -9*q + 1584 = v*q. What is the hundreds digit of q?
1
Let i = 507 - 203. Let w(a) = a**2 + 51*a - 49. Let u be w(-50). Let c = i + u. What is the tens digit of c?
0
Let h(l) = -12*l + 136. Let j be h(-34). Let v = -417 + j. What is the tens digit of v?
2
Suppose 325 = -6*j + 331. Suppose 8194 = 5*a - 2*f, -j = -2*f - 5. What is the units digit of a?
8
Let o be 595 - 4*(-40)/(-32). Suppose o = 5*a + 5*i, 14*i - 12*i + 115 = a. What is the tens digit of a?
1
Let d = 1750 - -227. What is the thousands digit of d?
1
Let y(s) = 15136*s**3 - 11*s**2 + 4*s + 8. What is the thousands digit of y(1)?
5
Let q = 16872 - 7556. What is the units digit of q?
6
Let j(u) = u**2 + 4*u + 12. Let a be j(-3). Let h(y) = -2*y**2 + 18*y. Let o be h(a). Suppose o = -p + 33 - 2. What is the tens digit of p?
3
Suppose d = -73*s + 71*s + 1921, 4*d - 3*s = 7717. What is the hundreds digit of d?
9
Let y(w) = -w - 12. Let j be y(0). Let f = 4 + j. What is the units digit of 3/(-4) + (-358)/f?
4
What is the tens digit of -6 + (-54)/(-10) + -103542*(-12)/90?
0
Suppose 15*a = 18*a - 75. Suppose -5*b + a + 1550 = 0. What is the hundreds digit of b?
3
Let v = 86 + -82. Suppose 0 = -v*d + 1 - 17. What is the units digit of -2*34/d - -4?
1
Let x(c) be the third derivative of 57*c**5/20 - c**4/24 - c**3/6 + 2*c**2 - 8. What is the hundreds digit of x(1)?
1
What is the tens digit of ((-110)/25)/(-6 - 3232/(-540))?
9
Let p = -290 - -644. Let b be ((-249)/4)/(11/(-4) + 3). Let a = p + b. What is the tens digit of a?
0
Suppose -4*t + 4*a = -24, 0 = -2*t - 3*a + 40 - 38. Suppose -4*c + 1132 = -t*g, 0 = -3*c - 3*g + 238 + 611. What is the hundreds digit of c?
2
Let a(p) = -p**2 - 9*p. Let o be a(-5). Let j be (236/o)/(3/15). Suppose -22*m = -23*m + j. What is the units digit of m?
9
Suppose -2*d + 853 = -4*r - 225, 4*d = 5*r + 1352. Let s = r - -183. Let l = -46 - s. What is the units digit of l?
9
Let a = 147 + -81. Let d = a + -63. Suppose -7*q = -d*q - 412. What is the tens digit of q?
0
Let w(l) = -l + 4*l + 2*l + 6. Let x be w(-7). Let j = 48 + x. What is the units digit of j?
9
What is the hundreds digit of (-1)/((-354670)/59110 + 6)?
9
Let r = 6501 + -4038. What is the tens digit of r?
6
Let u(r) = 144*r**2 - 229*r - 44. What is the tens digit of u(12)?
4
Let v be 168/560 - (-8286)/(-20). Suppose -5*z + 2*z = 753. Let j = z - v. What is the hundreds digit of j?
1
Let s be ((-444)/42 - -10)/((-2)/14). What is the hundreds digit of 2/s*794 + -8?
3
Let k(p) = -35*p - 4. Suppose 0 = j - 9*w + 11*w, -w = -2*j - 10. What is the units digit of k(j)?
6
Suppose 44 = -112*x + 111*x. Let c = 476 - x. What is the units digit of c?
0
Let u = 6283 - -14026. What is the thousands digit of u?
0
Suppose 7*o - 15 = -120. Let x(z) = -26*z + 159. What is the tens digit of x(o)?
4
Let x(o) = -5*o**2 + 6*o - 20. Let a be x(7). Let d = -219 - a. What is the units digit of d?
4
Let g(w) = 18*w + 8. Let t(m) = m - 1. Let z(k) = -g(k) + 4*t(k). Let q be z(-10). Let j = q - 62. What is the units digit of j?
6
Suppose b - 12031 = -4*y, -4*b = 2*y - 0*y - 48124. What is the units digit of b?
1
Let m(q) = -2*q - 38. Let k be m(-13). Let c(w) be the first derivative of -3*w**2 - 31*w - 1. What is the units digit of c(k)?
1
Let j(f) = -f**2 - 4*f + 18*f + 2*f + 0*f + 28. Let c be j(12). Let r = c + -33. What is the units digit of r?
3
Let o = 74 - 67. Let f(b) = 11*b + 83. What is the units digit of f(o)?
0
Let y be (-6)/(-9)*6/4. Suppose -2*d = 6*f - 78, 171 = -2*f + 177. What is the tens digit of (3 + d)*(y - -1)?
6
Let g = 34230 - 13511. What is the thousands digit of g?
0
Let r(a) = 2163*a**2 - 2405*a - 9617. What is the tens digit of r(-4)?
1
Suppose 5*v = 5*w - 14140, -1463 = -w - v + 1369. What is the units digit of w?
0
Let c(a) = a - 25. Let m be c(21). What is the hundreds digit of 2/m + ((-878)/(-4) - -2)?
2
Let v be (-3)/(36/7468) + 1/3. Let n = 1087 + v. What is the tens digit of n?
6
Let a(m) = 16*m**3 + m**2 + 4*m - 3. Let z = 19 - 17. What is the units digit of a(z)?
7
Suppose -10*u + 110803 = 13723. What is the thousands digit of u?
9
Suppose 3*y - y = -2*b + 12, -2*y - 5*b = -15. Suppose -3*k = j - 679, -y*j + 86 - 1231 = -5*k. What is the tens digit of k?
2
Let w be -8 + (-27)/(-9) - -4567. Let p = w + -2757. What is the thousands digit of p?
1
Let b be (2 - (-12)/(-3))*-4. Suppose -g = b*g - 36. Let z(u) = -u**2 + 7*u - 5. What is the units digit of z(g)?
7
Suppose 5*v + 4*o - 56 = 0, -v = -5*v - 3*o + 44. Suppose 0 = v*z + 15 - 303. What is the hundreds digit of 316 + (z/8 + -4)*-6?
3
Suppose 309 = -3*c - r + 1169, 0 = 2*c - r - 565. Suppose 2*p - 1010 = -2*i, -c = -p + 4*i + 215. Suppose -4*u + p = 3*u. What is the tens digit of u?
7
Let z = 130867 - 77309. What is the tens digit of z?
5
Let x(c) = 10*c**3 - 4. Let z(u) = -21*u**3 + u**2 - u + 9. Let j(o) = -5*x(o) - 2*z(o). Let t be 15/(-6) - (0 + 5/(-10)). What is the tens digit of j(t)?
5
Suppose -4*r - 152 = 2*p, r + 4*p - 176 = 5*r. What is the units digit of (-3)/(-15) + (-4792)/r?
0
Suppose -5*s + 776 = 3*s. Let f = 342 - s. What 